{"id":276,"date":"2020-06-03T16:15:39","date_gmt":"2020-06-03T14:15:39","guid":{"rendered":"http:\/\/serqueux52.fr\/?page_id=276"},"modified":"2020-06-03T16:17:01","modified_gmt":"2020-06-03T14:17:01","slug":"les-fetes-et-manifestations","status":"publish","type":"page","link":"https:\/\/serqueux52.fr\/?page_id=276","title":{"rendered":"Les f\u00eates et manifestations"},"content":{"rendered":"\n\t\t\t<div class=\"display-post-types\">\n\n\t\t\t\t\t\t\t<style type=\"text\/css\">\n\t\t\t#dpt-wrapper-587 { --dpt-text-align: left;--dpt-image-crop: center;--dpt-border-radius: 5px;--dpt-h-gutter: 10px;--dpt-v-gutter: 10px; }\t\t\t<\/style>\n\t\t\t<style type=\"text\/css\">#dpt-wrapper-587 { --dpt-title-font-style:normal;--dpt-title-font-weight:600;--dpt-title-line-height:1.5;--dpt-title-text-decoration:none;--dpt-title-text-transform:none;--dpt-excerpt-font-style:normal;--dpt-excerpt-font-weight:400;--dpt-excerpt-line-height:1.5;--dpt-excerpt-text-decoration:none;--dpt-excerpt-text-transform:none;--dpt-meta1-font-style:normal;--dpt-meta1-font-weight:400;--dpt-meta1-line-height:1.9;--dpt-meta1-text-decoration:none;--dpt-meta1-text-transform:none;--dpt-meta2-font-style:normal;--dpt-meta2-font-weight:400;--dpt-meta2-line-height:1.9;--dpt-meta2-text-decoration:none;--dpt-meta2-text-transform:none; }<\/style>\t\t\t\n\t\t\t\t<div id=\"dpt-wrapper-587\" class=\"dpt-wrapper dpt-list1 dpt-flex-wrap\" >\n\n\t\t\t\t\t\t\t\t\t\t\t<div class=\"dpt-entry has-thumbnail\" data-title=\"la commune accueille le comit\u00e9 de r\u00e9daction de l&rsquo;echo des 3 provinces\" data-id=\"3034\"  data-category=\"accueil actualit\u00e9s f\u00eates et manifestations\">\n\t\t\t\t\t\t\t<div class=\"dpt-entry-wrapper\"><div class=\" dpt-featured-content\"><div class=\" dpt-permalink\"><a href=\"https:\/\/serqueux52.fr\/?p=3034\" class=\"dpt-permalink\"><span class=\"screen-reader-text\">La commune accueille le comit\u00e9 de r\u00e9daction de l&rsquo;Echo des 3 Provinces<\/span><\/a><\/div><div class=\" dpt-thumbnail\"><div class=\"dpt-thumbnail-inner\"><img width=\"1600\" height=\"1200\" class=\"attachment-full size-full\" alt=\"\" context=\"dpt\" data-dpt-src=\"https:\/\/serqueux52.fr\/wp-content\/uploads\/2026\/04\/Mme-RELION.jpg\" data-dpt-sizes=\"(max-width: 1600px) 100vw, 1600px\" data-dpt-srcset=\"https:\/\/serqueux52.fr\/wp-content\/uploads\/2026\/04\/Mme-RELION.jpg 1600w, https:\/\/serqueux52.fr\/wp-content\/uploads\/2026\/04\/Mme-RELION-300x225.jpg 300w, https:\/\/serqueux52.fr\/wp-content\/uploads\/2026\/04\/Mme-RELION-1024x768.jpg 1024w, https:\/\/serqueux52.fr\/wp-content\/uploads\/2026\/04\/Mme-RELION-768x576.jpg 768w, https:\/\/serqueux52.fr\/wp-content\/uploads\/2026\/04\/Mme-RELION-1536x1152.jpg 1536w\" \/><\/div><span class=\"dpt-thumbnail-aspect-ratio\" style=\"padding-top: 75%\"><\/span><\/div><\/div><div class=\" sub-entry\"><h3 class=\" dpt-title\"><a class=\"dpt-title-link\" href=\"https:\/\/serqueux52.fr\/?p=3034\" rel=\"bookmark\">La commune accueille le comit\u00e9 de r\u00e9daction de l&rsquo;Echo des 3 Provinces<\/a><\/h3><\/div><\/div>\n\t\t\t\t\t\t<\/div><!-- .dpt-entry -->\n\t\t\t\t\t\t\t\t\t\t\t\t<div class=\"dpt-entry no-thumbnail\" data-title=\"sors ta mob &#8211; 14 mai\" data-id=\"3000\"  data-category=\"accueil actualit\u00e9s f\u00eates et manifestations\">\n\t\t\t\t\t\t\t<div class=\"dpt-entry-wrapper\"><div class=\" dpt-featured-content\"><div class=\" dpt-permalink\"><a href=\"https:\/\/serqueux52.fr\/?p=3000\" class=\"dpt-permalink\"><span class=\"screen-reader-text\">SORS TA MOB &#8211; 14 mai<\/span><\/a><\/div><div class=\" dpt-thumbnail\"><div class=\"dpt-thumbnail-inner\"><\/div><span class=\"dpt-thumbnail-aspect-ratio\" style=\"padding-top: 100%\"><\/span><\/div><\/div><div class=\" sub-entry\"><h3 class=\" dpt-title\"><a class=\"dpt-title-link\" href=\"https:\/\/serqueux52.fr\/?p=3000\" rel=\"bookmark\">SORS TA MOB &#8211; 14 mai<\/a><\/h3><\/div><\/div>\n\t\t\t\t\t\t<\/div><!-- .dpt-entry -->\n\t\t\t\t\t\t\t\t\t\t\t\t<div class=\"dpt-entry has-thumbnail\" data-title=\"repas annuel des a\u00een\u00e9s : une journ\u00e9e pleine de sourires, de partage, de bonne humeur et de musique\" data-id=\"3010\"  data-category=\"accueil actualit\u00e9s f\u00eates et manifestations\">\n\t\t\t\t\t\t\t<div class=\"dpt-entry-wrapper\"><div class=\" dpt-featured-content\"><div class=\" dpt-permalink\"><a href=\"https:\/\/serqueux52.fr\/?p=3010\" class=\"dpt-permalink\"><span class=\"screen-reader-text\">Repas annuel des a\u00een\u00e9s : une journ\u00e9e pleine de sourires, de partage, de bonne humeur et de musique<\/span><\/a><\/div><div class=\" dpt-thumbnail\"><div class=\"dpt-thumbnail-inner\"><img width=\"2560\" height=\"1348\" class=\"attachment-full size-full\" alt=\"\" context=\"dpt\" data-dpt-src=\"https:\/\/serqueux52.fr\/wp-content\/uploads\/2026\/03\/Table-decoree-1-scaled.jpg\" data-dpt-sizes=\"(max-width: 2560px) 100vw, 2560px\" data-dpt-srcset=\"https:\/\/serqueux52.fr\/wp-content\/uploads\/2026\/03\/Table-decoree-1-scaled.jpg 2560w, https:\/\/serqueux52.fr\/wp-content\/uploads\/2026\/03\/Table-decoree-1-300x158.jpg 300w, https:\/\/serqueux52.fr\/wp-content\/uploads\/2026\/03\/Table-decoree-1-1024x539.jpg 1024w, https:\/\/serqueux52.fr\/wp-content\/uploads\/2026\/03\/Table-decoree-1-768x404.jpg 768w, https:\/\/serqueux52.fr\/wp-content\/uploads\/2026\/03\/Table-decoree-1-1536x809.jpg 1536w, https:\/\/serqueux52.fr\/wp-content\/uploads\/2026\/03\/Table-decoree-1-2048x1078.jpg 2048w\" \/><\/div><span class=\"dpt-thumbnail-aspect-ratio\" style=\"padding-top: 53%\"><\/span><\/div><\/div><div class=\" sub-entry\"><h3 class=\" dpt-title\"><a class=\"dpt-title-link\" href=\"https:\/\/serqueux52.fr\/?p=3010\" rel=\"bookmark\">Repas annuel des a\u00een\u00e9s : une journ\u00e9e pleine de sourires, de partage, de bonne humeur et de musique<\/a><\/h3><\/div><\/div>\n\t\t\t\t\t\t<\/div><!-- .dpt-entry -->\n\t\t\t\t\t\t\t\t\t\t\t\t<div class=\"dpt-entry no-thumbnail\" data-title=\"c\u00e9r\u00e9monie des voeux du maire\" data-id=\"2953\"  data-category=\"accueil actualit\u00e9s f\u00eates et manifestations\">\n\t\t\t\t\t\t\t<div class=\"dpt-entry-wrapper\"><div class=\" dpt-featured-content\"><div class=\" dpt-permalink\"><a href=\"https:\/\/serqueux52.fr\/?p=2953\" class=\"dpt-permalink\"><span class=\"screen-reader-text\">C\u00e9r\u00e9monie des voeux du maire<\/span><\/a><\/div><div class=\" dpt-thumbnail\"><div class=\"dpt-thumbnail-inner\"><\/div><span class=\"dpt-thumbnail-aspect-ratio\" style=\"padding-top: 100%\"><\/span><\/div><\/div><div class=\" sub-entry\"><h3 class=\" dpt-title\"><a class=\"dpt-title-link\" href=\"https:\/\/serqueux52.fr\/?p=2953\" rel=\"bookmark\">C\u00e9r\u00e9monie des voeux du maire<\/a><\/h3><\/div><\/div>\n\t\t\t\t\t\t<\/div><!-- .dpt-entry -->\n\t\t\t\t\t\t\t\t\t\t\t\t<div class=\"dpt-entry has-thumbnail\" data-title=\"merci pour votre g\u00e9n\u00e9rosit\u00e9 pour le t\u00e9l\u00e9thon\" data-id=\"2928\"  data-category=\"accueil actualit\u00e9s f\u00eates et manifestations\">\n\t\t\t\t\t\t\t<div class=\"dpt-entry-wrapper\"><div class=\" dpt-featured-content\"><div class=\" dpt-permalink\"><a href=\"https:\/\/serqueux52.fr\/?p=2928\" class=\"dpt-permalink\"><span class=\"screen-reader-text\">Merci pour votre g\u00e9n\u00e9rosit\u00e9 pour le T\u00e9l\u00e9thon<\/span><\/a><\/div><div class=\" dpt-thumbnail\"><div class=\"dpt-thumbnail-inner\"><img width=\"2560\" height=\"1104\" class=\"attachment-full size-full\" alt=\"\" context=\"dpt\" data-dpt-src=\"https:\/\/serqueux52.fr\/wp-content\/uploads\/2025\/12\/Salle-1-1-scaled.jpg\" data-dpt-sizes=\"(max-width: 2560px) 100vw, 2560px\" data-dpt-srcset=\"https:\/\/serqueux52.fr\/wp-content\/uploads\/2025\/12\/Salle-1-1-scaled.jpg 2560w, https:\/\/serqueux52.fr\/wp-content\/uploads\/2025\/12\/Salle-1-1-300x129.jpg 300w, https:\/\/serqueux52.fr\/wp-content\/uploads\/2025\/12\/Salle-1-1-1024x442.jpg 1024w, https:\/\/serqueux52.fr\/wp-content\/uploads\/2025\/12\/Salle-1-1-768x331.jpg 768w, https:\/\/serqueux52.fr\/wp-content\/uploads\/2025\/12\/Salle-1-1-1536x663.jpg 1536w, https:\/\/serqueux52.fr\/wp-content\/uploads\/2025\/12\/Salle-1-1-2048x884.jpg 2048w\" \/><\/div><span class=\"dpt-thumbnail-aspect-ratio\" style=\"padding-top: 43%\"><\/span><\/div><\/div><div class=\" sub-entry\"><h3 class=\" dpt-title\"><a class=\"dpt-title-link\" href=\"https:\/\/serqueux52.fr\/?p=2928\" rel=\"bookmark\">Merci pour votre g\u00e9n\u00e9rosit\u00e9 pour le T\u00e9l\u00e9thon<\/a><\/h3><\/div><\/div>\n\t\t\t\t\t\t<\/div><!-- .dpt-entry -->\n\t\t\t\t\t\t\t\t\t\t\t\t<div class=\"dpt-entry has-thumbnail\" data-title=\"atelier de no\u00ebl pour les enfants\" data-id=\"2913\"  data-category=\"accueil actualit\u00e9s f\u00eates et manifestations\">\n\t\t\t\t\t\t\t<div class=\"dpt-entry-wrapper\"><div class=\" dpt-featured-content\"><div class=\" dpt-permalink\"><a href=\"https:\/\/serqueux52.fr\/?p=2913\" class=\"dpt-permalink\"><span class=\"screen-reader-text\">Atelier de No\u00ebl pour les enfants<\/span><\/a><\/div><div class=\" dpt-thumbnail\"><div class=\"dpt-thumbnail-inner\"><img width=\"1126\" height=\"2000\" class=\"attachment-full size-full\" alt=\"\" context=\"dpt\" data-dpt-src=\"https:\/\/serqueux52.fr\/wp-content\/uploads\/2025\/12\/Conte-1-1.jpg\" data-dpt-sizes=\"(max-width: 1126px) 100vw, 1126px\" data-dpt-srcset=\"https:\/\/serqueux52.fr\/wp-content\/uploads\/2025\/12\/Conte-1-1.jpg 1126w, https:\/\/serqueux52.fr\/wp-content\/uploads\/2025\/12\/Conte-1-1-169x300.jpg 169w, https:\/\/serqueux52.fr\/wp-content\/uploads\/2025\/12\/Conte-1-1-577x1024.jpg 577w, https:\/\/serqueux52.fr\/wp-content\/uploads\/2025\/12\/Conte-1-1-768x1364.jpg 768w, https:\/\/serqueux52.fr\/wp-content\/uploads\/2025\/12\/Conte-1-1-865x1536.jpg 865w\" \/><\/div><span class=\"dpt-thumbnail-aspect-ratio\" style=\"padding-top: 178%\"><\/span><\/div><\/div><div class=\" sub-entry\"><h3 class=\" dpt-title\"><a class=\"dpt-title-link\" href=\"https:\/\/serqueux52.fr\/?p=2913\" rel=\"bookmark\">Atelier de No\u00ebl pour les enfants<\/a><\/h3><\/div><\/div>\n\t\t\t\t\t\t<\/div><!-- .dpt-entry -->\n\t\t\t\t\t\t\t\t\t\t\t\t<div class=\"dpt-entry has-thumbnail\" data-title=\"remise des dons collect\u00e9s lors du cyclo tour 2025\" data-id=\"2906\"  data-category=\"accueil actualit\u00e9s f\u00eates et manifestations\">\n\t\t\t\t\t\t\t<div class=\"dpt-entry-wrapper\"><div class=\" dpt-featured-content\"><div class=\" dpt-permalink\"><a href=\"https:\/\/serqueux52.fr\/?p=2906\" class=\"dpt-permalink\"><span class=\"screen-reader-text\">Remise des dons collect\u00e9s lors du Cyclo Tour 2025<\/span><\/a><\/div><div class=\" dpt-thumbnail\"><div class=\"dpt-thumbnail-inner\"><img width=\"2560\" height=\"1183\" class=\"attachment-full size-full\" alt=\"\" context=\"dpt\" data-dpt-src=\"https:\/\/serqueux52.fr\/wp-content\/uploads\/2025\/12\/Banderolle-1-scaled.jpg\" data-dpt-sizes=\"(max-width: 2560px) 100vw, 2560px\" data-dpt-srcset=\"https:\/\/serqueux52.fr\/wp-content\/uploads\/2025\/12\/Banderolle-1-scaled.jpg 2560w, https:\/\/serqueux52.fr\/wp-content\/uploads\/2025\/12\/Banderolle-1-300x139.jpg 300w, https:\/\/serqueux52.fr\/wp-content\/uploads\/2025\/12\/Banderolle-1-1024x473.jpg 1024w, https:\/\/serqueux52.fr\/wp-content\/uploads\/2025\/12\/Banderolle-1-768x355.jpg 768w, https:\/\/serqueux52.fr\/wp-content\/uploads\/2025\/12\/Banderolle-1-1536x710.jpg 1536w, https:\/\/serqueux52.fr\/wp-content\/uploads\/2025\/12\/Banderolle-1-2048x947.jpg 2048w\" \/><\/div><span class=\"dpt-thumbnail-aspect-ratio\" style=\"padding-top: 46%\"><\/span><\/div><\/div><div class=\" sub-entry\"><h3 class=\" dpt-title\"><a class=\"dpt-title-link\" href=\"https:\/\/serqueux52.fr\/?p=2906\" rel=\"bookmark\">Remise des dons collect\u00e9s lors du Cyclo Tour 2025<\/a><\/h3><\/div><\/div>\n\t\t\t\t\t\t<\/div><!-- .dpt-entry -->\n\t\t\t\t\t\t\t\t\t\t\t\t<div class=\"dpt-entry has-thumbnail\" data-title=\"c\u00e9r\u00e9monie du 11 novembre 2025\" data-id=\"2894\"  data-category=\"accueil actualit\u00e9s f\u00eates et manifestations\">\n\t\t\t\t\t\t\t<div class=\"dpt-entry-wrapper\"><div class=\" dpt-featured-content\"><div class=\" dpt-permalink\"><a href=\"https:\/\/serqueux52.fr\/?p=2894\" class=\"dpt-permalink\"><span class=\"screen-reader-text\">C\u00e9r\u00e9monie du 11 Novembre 2025<\/span><\/a><\/div><div class=\" dpt-thumbnail\"><div class=\"dpt-thumbnail-inner\"><img width=\"2560\" height=\"1920\" class=\"attachment-full size-full\" alt=\"\" context=\"dpt\" data-dpt-src=\"https:\/\/serqueux52.fr\/wp-content\/uploads\/2025\/11\/Public-scaled.jpeg\" data-dpt-sizes=\"(max-width: 2560px) 100vw, 2560px\" data-dpt-srcset=\"https:\/\/serqueux52.fr\/wp-content\/uploads\/2025\/11\/Public-scaled.jpeg 2560w, https:\/\/serqueux52.fr\/wp-content\/uploads\/2025\/11\/Public-300x225.jpeg 300w, https:\/\/serqueux52.fr\/wp-content\/uploads\/2025\/11\/Public-1024x768.jpeg 1024w, https:\/\/serqueux52.fr\/wp-content\/uploads\/2025\/11\/Public-768x576.jpeg 768w, https:\/\/serqueux52.fr\/wp-content\/uploads\/2025\/11\/Public-1536x1152.jpeg 1536w, https:\/\/serqueux52.fr\/wp-content\/uploads\/2025\/11\/Public-2048x1536.jpeg 2048w\" \/><\/div><span class=\"dpt-thumbnail-aspect-ratio\" style=\"padding-top: 75%\"><\/span><\/div><\/div><div class=\" sub-entry\"><h3 class=\" dpt-title\"><a class=\"dpt-title-link\" href=\"https:\/\/serqueux52.fr\/?p=2894\" rel=\"bookmark\">C\u00e9r\u00e9monie du 11 Novembre 2025<\/a><\/h3><\/div><\/div>\n\t\t\t\t\t\t<\/div><!-- .dpt-entry -->\n\t\t\t\t\t\t\t\t\t\t\t\t<div class=\"dpt-entry has-thumbnail\" data-title=\"tour cyclo : octobre rose\" data-id=\"2890\"  data-category=\"accueil actualit\u00e9s f\u00eates et manifestations\">\n\t\t\t\t\t\t\t<div class=\"dpt-entry-wrapper\"><div class=\" dpt-featured-content\"><div class=\" dpt-permalink\"><a href=\"https:\/\/serqueux52.fr\/?p=2890\" class=\"dpt-permalink\"><span class=\"screen-reader-text\">Tour Cyclo : Octobre Rose<\/span><\/a><\/div><div class=\" dpt-thumbnail\"><div class=\"dpt-thumbnail-inner\"><img width=\"2560\" height=\"1920\" class=\"attachment-full size-full\" alt=\"\" context=\"dpt\" data-dpt-src=\"https:\/\/serqueux52.fr\/wp-content\/uploads\/2024\/10\/IMG_6389-scaled.jpg\" data-dpt-sizes=\"(max-width: 2560px) 100vw, 2560px\" data-dpt-srcset=\"https:\/\/serqueux52.fr\/wp-content\/uploads\/2024\/10\/IMG_6389-scaled.jpg 2560w, https:\/\/serqueux52.fr\/wp-content\/uploads\/2024\/10\/IMG_6389-300x225.jpg 300w, https:\/\/serqueux52.fr\/wp-content\/uploads\/2024\/10\/IMG_6389-1024x768.jpg 1024w, https:\/\/serqueux52.fr\/wp-content\/uploads\/2024\/10\/IMG_6389-768x576.jpg 768w, https:\/\/serqueux52.fr\/wp-content\/uploads\/2024\/10\/IMG_6389-1536x1152.jpg 1536w, https:\/\/serqueux52.fr\/wp-content\/uploads\/2024\/10\/IMG_6389-2048x1536.jpg 2048w\" \/><\/div><span class=\"dpt-thumbnail-aspect-ratio\" style=\"padding-top: 75%\"><\/span><\/div><\/div><div class=\" sub-entry\"><h3 class=\" dpt-title\"><a class=\"dpt-title-link\" href=\"https:\/\/serqueux52.fr\/?p=2890\" rel=\"bookmark\">Tour Cyclo : Octobre Rose<\/a><\/h3><\/div><\/div>\n\t\t\t\t\t\t<\/div><!-- .dpt-entry -->\n\t\t\t\t\t\t\t\t\t\t\t\t<div class=\"dpt-entry has-thumbnail\" data-title=\"visite de l&rsquo;\u00e9glise, d\u00e9couverte des bancs class\u00e9s et du gu\u00e9-lavoir et cressonni\u00e8re\" data-id=\"2766\"  data-category=\"accueil actualit\u00e9s f\u00eates et manifestations\">\n\t\t\t\t\t\t\t<div class=\"dpt-entry-wrapper\"><div class=\" dpt-featured-content\"><div class=\" dpt-permalink\"><a href=\"https:\/\/serqueux52.fr\/?p=2766\" class=\"dpt-permalink\"><span class=\"screen-reader-text\">Visite de l&rsquo;\u00e9glise, d\u00e9couverte des bancs class\u00e9s et du gu\u00e9-lavoir et cressonni\u00e8re<\/span><\/a><\/div><div class=\" dpt-thumbnail\"><div class=\"dpt-thumbnail-inner\"><img width=\"1358\" height=\"628\" class=\"attachment-full size-full\" alt=\"\" context=\"dpt\" data-dpt-src=\"https:\/\/serqueux52.fr\/wp-content\/uploads\/2025\/07\/Devant-eglise-2.jpg\" data-dpt-sizes=\"(max-width: 1358px) 100vw, 1358px\" data-dpt-srcset=\"https:\/\/serqueux52.fr\/wp-content\/uploads\/2025\/07\/Devant-eglise-2.jpg 1358w, https:\/\/serqueux52.fr\/wp-content\/uploads\/2025\/07\/Devant-eglise-2-300x139.jpg 300w, https:\/\/serqueux52.fr\/wp-content\/uploads\/2025\/07\/Devant-eglise-2-1024x474.jpg 1024w, https:\/\/serqueux52.fr\/wp-content\/uploads\/2025\/07\/Devant-eglise-2-768x355.jpg 768w\" \/><\/div><span class=\"dpt-thumbnail-aspect-ratio\" style=\"padding-top: 46%\"><\/span><\/div><\/div><div class=\" sub-entry\"><h3 class=\" dpt-title\"><a class=\"dpt-title-link\" href=\"https:\/\/serqueux52.fr\/?p=2766\" rel=\"bookmark\">Visite de l&rsquo;\u00e9glise, d\u00e9couverte des bancs class\u00e9s et du gu\u00e9-lavoir et cressonni\u00e8re<\/a><\/h3><\/div><\/div>\n\t\t\t\t\t\t<\/div><!-- .dpt-entry -->\n\t\t\t\t\t\t\n\t\t\t\t<\/div>\n\t\t\t\t\t\t<\/div>\n\t\t\t","protected":false},"excerpt":{"rendered":"","protected":false},"author":1,"featured_media":0,"parent":159,"menu_order":7,"comment_status":"closed","ping_status":"closed","template":"","meta":{"footnotes":""},"class_list":["post-276","page","type-page","status-publish","hentry"],"publishpress_future_action":{"enabled":false,"date":"2026-04-25 16:27:41","action":"change-status","newStatus":"draft","terms":[],"taxonomy":"","extraData":[]},"publishpress_future_workflow_manual_trigger":{"enabledWorkflows":[]},"_links":{"self":[{"href":"https:\/\/serqueux52.fr\/index.php?rest_route=\/wp\/v2\/pages\/276","targetHints":{"allow":["GET"]}}],"collection":[{"href":"https:\/\/serqueux52.fr\/index.php?rest_route=\/wp\/v2\/pages"}],"about":[{"href":"https:\/\/serqueux52.fr\/index.php?rest_route=\/wp\/v2\/types\/page"}],"author":[{"embeddable":true,"href":"https:\/\/serqueux52.fr\/index.php?rest_route=\/wp\/v2\/users\/1"}],"replies":[{"embeddable":true,"href":"https:\/\/serqueux52.fr\/index.php?rest_route=%2Fwp%2Fv2%2Fcomments&post=276"}],"version-history":[{"count":3,"href":"https:\/\/serqueux52.fr\/index.php?rest_route=\/wp\/v2\/pages\/276\/revisions"}],"predecessor-version":[{"id":294,"href":"https:\/\/serqueux52.fr\/index.php?rest_route=\/wp\/v2\/pages\/276\/revisions\/294"}],"up":[{"embeddable":true,"href":"https:\/\/serqueux52.fr\/index.php?rest_route=\/wp\/v2\/pages\/159"}],"wp:attachment":[{"href":"https:\/\/serqueux52.fr\/index.php?rest_route=%2Fwp%2Fv2%2Fmedia&parent=276"}],"curies":[{"name":"wp","href":"https:\/\/api.w.org\/{rel}","templated":true}]}}